= 12. Suppose 2*n + 5 - 37 = -2*t, -12 = 3*n. Suppose 5 = 5*m - t. Calculate the remainder when m is divided by a.
2
Let h = 0 - -4. Suppose 57 - 11 = 3*l + 2*v, -2*v + 58 = h*l. Let r = 6 + l. Calculate the remainder when 69 is divided by r.
15
Suppose -2*n + g = -27, 7*g = 3*n + 3*g - 38. Let y(z) = z**2 - 6*z + 5. Let l be y(4). Calculate the remainder when (-2)/l + (-242)/(-6) is divided by n.
13
Calculate the remainder when 58 is divided by (-190)/(-15) - (-14)/(-21).
10
Let w = 47 + 29. Calculate the remainder when w is divided by 1120/42 + (-4)/6.
24
Let n = 4 + -122. Let m = 205 + n. What is the remainder when m is divided by 22?
21
Let m = 26 - 16. Let t = 5 + -3. Suppose -2*l + x + 18 = 6*x, 0 = -x + t. Calculate the remainder when m is divided by l.
2
Let a = -141 - -215. What is the remainder when a is divided by 19?
17
Let j be -2 - (1 + -1) - 0. Suppose 1 = i - 4. Calculate the remainder when 10 - ((j - -3) + 0) is divided by i.
4
Calculate the remainder when 4/10*13/1*5 is divided by 5.
1
Let b(p) = 3*p - 3*p**2 + p**2 + 1 + 4*p**2 + 2. Suppose 2*q - v = -0*q - 11, -3*v + 9 = 2*q. What is the remainder when 45 is divided by b(q)?
9
Let z = 11 - 8. Suppose 11*n - 3*n = 24. What is the remainder when n is divided by z?
0
Let s(o) = o**2 - 8*o - 5. Suppose -5*x + 41 = n, -2*x + 2*n - 14 = -40. Suppose 2*u = -4*u + 78. Calculate the remainder when u is divided by s(x).
1
Suppose 4*h = b + 58, -b + 6*b - 60 = -5*h. Suppose 5*x - 19 = -d, 3*x + 0*d - 9 = -3*d. Calculate the remainder when h is divided by x.
2
Let b(h) = 8*h + 10. What is the remainder when b(7) is divided by 19?
9
Suppose -255 = -3*i - 84. Calculate the remainder when i is divided by 20.
17
Let n(k) = -k**2 - k + 34. What is the remainder when n(0) is divided by 1/(20/(-12))*-15?
7
Let b be -4 - (-1 + 2 + 7). Let d = b + 35. Calculate the remainder when d is divided by 8.
7
Calculate the remainder when 25 is divided by (10/25)/((-1)/(-25)).
5
Suppose -21 = v + 5*w, 0 = -5*w - 23 + 3. Let x(q) = 6*q**3 + q**2 - q + 1. Calculate the remainder when ((-36)/(-20) + v)*15 is divided by x(1).
5
Suppose 5 = -5*p, 6*p - 7*p - 57 = -4*s. What is the remainder when 66 is divided by s?
10
Suppose -9 = x - 2*x. What is the remainder when 31 is divided by x/(-6)*22/(-3)?
9
Let w be 37/(-4)*8/(-2). Suppose -5*x + w - 12 = 0. Suppose -6*a = -a - 65. Calculate the remainder when a is divided by x.
3
Suppose 2*x - 165 = -x. Calculate the remainder when x is divided by 19.
17
Let x = -28 - -58. What is the remainder when x is divided by 12?
6
Suppose 2*f = 6 - 0. Suppose f*a - 152 = 4*z, 5 = 2*z - 3*z. Let v(w) = -w**3 + 4*w**2 + 5*w - 5. Calculate the remainder when a is divided by v(4).
14
Suppose -2*a + a + 7 = 0. Suppose -2*n + 39 - 11 = 0. Suppose -4*v = -4*o - o + n, 5*o + 3*v - 7 = 0. Calculate the remainder when a is divided by o.
1
Let r = -7 + 31. What is the remainder when r is divided by 9?
6
Let x be 2 - (-4 - 0 - 0). Suppose x*h - 3*h + 4*y = 42, -3*h - 3*y = -39. Calculate the remainder when 19 is divided by h.
9
Let w = 4 + -2. Suppose -l = w*l - 93. What is the remainder when l is divided by 8?
7
Let j = -30 + 79. What is the remainder when j is divided by 17?
15
Suppose 12*j - 8*j = 200. Let z(i) = i**2 + 3*i - 1. What is the remainder when j is divided by z(-6)?
16
Let g(c) = -2*c + 2. Let d be g(6). Let j = 17 + d. Calculate the remainder when 13 is divided by j.
6
Suppose 3*b - 4*q - 266 = 0, -2*b + 182 - 7 = -5*q. What is the remainder when b is divided by 46?
44
Let j = 12 - -1. Calculate the remainder when j is divided by 8.
5
Let s(m) = m**2 + 12. Let n be (-2)/(-11) - 6/33. Calculate the remainder when s(n) is divided by 5.
2
Let v(y) = 7*y - 5. What is the remainder when 34 is divided by v(2)?
7
Let n = 73 + -67. Suppose -v = -4*v + 12. Calculate the remainder when n is divided by v.
2
Suppose -6 = -l - 1. What is the remainder when 7 is divided by l?
2
Suppose 3*o - 15 = 0, 0 = 4*x - o + 1. Let a(m) = 3 - 1 - x - 6*m. What is the remainder when 12 is divided by a(-1)?
5
Let z(f) = f**3 - f**2 + 2*f - 186. Let l be z(0). Calculate the remainder when 38 is divided by l/(-15) - 6/(-10).
12
Let r(u) = 11*u + 20. Let v(t) = -7*t - 13. Let s(i) = -5*r(i) - 8*v(i). Let p(x) = 3*x - 15. Let o be p(5). Calculate the remainder when s(o) is divided by 2.
0
Suppose 2*g + 108 = 2*n, 15 = n - 2*g - 35. What is the remainder when n is divided by 12?
10
Let k = 2 + -5. Calculate the remainder when 2 is divided by (1 + k)*(3 + -4).
0
Let p = -9 + 15. Let o = -24 - -35. Calculate the remainder when o is divided by p.
5
Suppose i = 5*i - 312. Calculate the remainder when i is divided by 20.
18
Let m(w) = w**2 + w + 2. Let s(l) = -l**3 + 6*l**2 + l - 1. Let p be s(6). Let u(t) = t - 3. What is the remainder when m(-2) is divided by u(p)?
0
Let s(f) = -f**2 + f - 8. Let z be s(0). Let r be (z/1)/(2*-1). Suppose -5*n = 20, -r*u + n + 60 = -n. What is the remainder when 25 is divided by u?
12
Suppose -10*k + 7*k + 9 = 0. Suppose 0 = 9*f - k*f - 30. Calculate the remainder when (-3)/1*(-3 - 0) is divided by f.
4
Suppose 0*n - 4*n = 0. Let w be n + (-3 + -1)/(-2). Suppose 3*o - 5*o = w*j - 62, 5*o - 10 = 0. What is the remainder when j is divided by 10?
9
Suppose -3*q - 4*i + 29 = 0, 2*q + 0 = -3*i + 19. Suppose 0*z - 5*z + 30 = 0. Calculate the remainder when q is divided by z.
5
Let d(f) = -2*f - 3. Let i be ((-12)/15)/(4/30). Calculate the remainder when 17 is divided by d(i).
8
Suppose -221 - 114 = -5*a. Calculate the remainder when a is divided by 17.
16
Suppose -4*z = 3*c + 20, -5*c - 30 = -z + 6*z. Let v(r) = -r**3 - r**2 - 4*r - 3. Calculate the remainder when 25 is divided by v(z).
7
Suppose -29 = -3*m + 43. Suppose -2*g - t + 3*t = -m, 2*t + 12 = g. Calculate the remainder when g is divided by 5.
2
Let u = 161 + -72. What is the remainder when u is divided by 18?
17
Suppose -d - 2*a = 8, -18 = -2*d + 3*d + 4*a. Suppose 33 = d*n + 7. Suppose -j - 15 = -4*j. What is the remainder when n is divided by j?
3
What is the remainder when 632/9 + 2/(-9) is divided by 24?
22
Suppose c + 3*c = 2*f + 24, 5*c + 5*f = 15. Let u = -12 + 15. Suppose -h + u*h = 26. Calculate the remainder when h is divided by c.
3
Let f(y) = -y**2 - 8*y + 2. What is the remainder when 38 is divided by f(-6)?
10
Suppose -10*l - 2*o + 52 = -8*l, 2*o = 4. Calculate the remainder when l is divided by 14.
10
Suppose -3*v - 42 = -v. Let h = -12 - v. What is the remainder when 33 is divided by h?
6
Let s(b) = 12*b - 10. What is the remainder when s(6) is divided by 21?
20
Suppose 6*l - 2*l - 204 = 0. Calculate the remainder when l is divided by 27.
24
Suppose 4*u + 5 = -3*r, 3*u - 20 = -5*r + 2*u. Suppose 5*d + 33 + 32 = 5*o, 5*o - 61 = d. What is the remainder when 1/1 - (0 - o) is divided by r?
3
Let s = -29 + 2. What is the remainder when 37 is divided by -3*39/s*3?
11
Suppose 0*m = 18*m - 324. What is the remainder when 62 is divided by m?
8
Suppose -3*s + 0*s + 51 = -3*n, -3*s = 3*n - 27. What is the remainder when 49 is divided by s?
10
Let y = 27 + -17. Calculate the remainder when 29 is divided by y.
9
Suppose 0 = -n + 2, w + w + 5*n = -18. Let a = w + 36. Calculate the remainder when a is divided by (7 - -5)*(2 + -1).
10
Suppose i - 5 = -5*d - 4*i, 3*i = -2*d + 1. Let a = d + 1. Calculate the remainder when (-1)/a + (-79)/(-3) is divided by 9.
8
Let k(f) = -8*f**3 - f**2 - f. Let r be k(-1). Suppose -m = -3*m + r. What is the remainder when 6 is divided by m?
2
Let u be (2 - 3)*9*5. Calculate the remainder when (-2)/9 + (-235)/u is divided by 2.
1
What is the remainder when 40 is divided by (-138)/(-10) + 20/100?
12
Calculate the remainder when (440/60)/((-2)/(-3)) is divided by (1 + -2)*(-2 + -1).
2
Let u = 50 - -49. Suppose 2*p + p - u = -3*b, -5*b = -2*p - 172. What is the remainder when b is divided by 3/(3/(-1))*-12?
10
Let d(r) = r**3 + 6*r**2 - 11*r - 4. Calculate the remainder when d(-7) is divided by 13.
11
Let l(v) = 14*v**2 - 5*v - 6. Let y = -61 + 85. Let r = 38 - y. Calculate the remainder when l(2) is divided by r.
12
Suppose y + 135 = 5*h, -2*h = -0*h + 5*y - 81. Let m be h - ((-2)/2)/(-1). What is the remainder when (8/3)/(2/m) is divided by 19?
17
Let f(t) = t**2 - 7*t + 18. Let y(x)